3 prime?
False
Is 10774427129 a prime number?
False
Is 2468305141 composite?
True
Is 2305249207 composite?
True
Is 28626916091 a composite number?
False
Is 287901263 prime?
False
Is 344491969 composite?
True
Is 669126845 composite?
True
Is 181681987 composite?
False
Is 2182718297 a composite number?
False
Is 66246434087 composite?
True
Is 132391913 a prime number?
False
Is 218654128531 a prime number?
True
Is 51581261 prime?
True
Is 58979839609 a prime number?
True
Is 88543848689 a composite number?
False
Is 79048573 a composite number?
False
Is 21593475703 a composite number?
False
Is 3442553831 prime?
False
Is 2541955727 composite?
True
Is 10673903 composite?
False
Is 42695326981 prime?
True
Is 63194268131 prime?
True
Is 721469351 prime?
False
Is 2407084487 prime?
False
Is 624495853 prime?
True
Is 259737571 prime?
True
Is 37429527539 a prime number?
True
Is 5498409817 prime?
False
Is 2759835283 composite?
False
Is 156343003 composite?
False
Is 1675459679 prime?
False
Is 2656738717 a prime number?
False
Is 2645297483 a prime number?
True
Is 3437518673 prime?
True
Is 101066323 prime?
True
Is 8614314901 prime?
True
Is 760606699 composite?
False
Is 4334960989 a prime number?
False
Is 5779327963 a composite number?
False
Is 78847789 composite?
True
Is 4616478437 a prime number?
False
Is 7283444939 composite?
True
Is 1170171859 a composite number?
True
Is 51014507779 composite?
False
Is 7273702097 a prime number?
False
Is 1033297343321 a prime number?
True
Is 1632868903 composite?
False
Is 102142483147 prime?
True
Is 22048619263 prime?
False
Is 1076937781 composite?
True
Is 40433954449 composite?
True
Is 7573002433 composite?
True
Is 706971449 prime?
False
Is 1087678169 prime?
False
Is 1526298919 a prime number?
False
Is 10463688283 composite?
True
Is 4298861503 a composite number?
True
Is 368627537 a composite number?
True
Is 52356843899 a prime number?
False
Is 1282676009 composite?
True
Is 1298895179 a composite number?
True
Is 327443723 a prime number?
True
Is 1881144751 a composite number?
True
Is 1840350059 composite?
True
Is 9433879843 a prime number?
True
Is 77192659 a composite number?
True
Is 64926223 a prime number?
False
Is 137471527 composite?
False
Is 1328235479 a prime number?
True
Is 642801287 a composite number?
False
Is 9276715069 a composite number?
True
Is 46550221807 composite?
False
Is 20650939 a composite number?
False
Is 25354985179 prime?
False
Is 1239192883 a prime number?
False
Is 663208817 a composite number?
False
Is 12450888041 prime?
True
Is 3983237821 a prime number?
True
Is 4624095427 composite?
True
Is 16987495417 a prime number?
False
Is 1763075869 prime?
True
Is 1390660261 prime?
False
Is 1889831947 composite?
False
Is 3006445553 composite?
False
Is 165315461 a composite number?
False
Is 14739160171 a composite number?
False
Is 207534058577 a composite number?
False
Is 4957707037 prime?
True
Is 26564338391 composite?
False
Is 48650570383 a composite number?
False
Is 3950356387 composite?
True
Is 50655158249 prime?
True
Is 3014920109 a prime number?
False
Is 50732251919 a composite number?
False
Is 5191793261 a prime number?
True
Is 2381056063 a prime number?
False
Is 192472669891 composite?
False
Is 15384117569 prime?
True
Is 12722580503 composite?
False
Is 11288745709 composite?
True
Is 2165333242 composite?
True
Is 1739321587 prime?
True
Is 2619346837 prime?
False
Is 2663910649 a prime number?
True
Is 61740293 composite?
False
Is 147551618807 composite?
False
Is 54660535199 composite?
False
Is 479041513121 a prime number?
True
Is 4305629123 a prime number?
True
Is 63560501477 prime?
False
Is 6605916103 composite?
False
Is 10450829021 a prime number?
False
Is 35997443457 prime?
False
Is 165620123 prime?
True
Is 36081033113 prime?
True
Is 3420598471 a prime number?
False
Is 28896265033 composite?
True
Is 647508667 prime?
False
Is 701082049 composite?
True
Is 2649884117 a prime number?
False
Is 740029681 a prime number?
True
Is 12971771243 a prime number?
True
Is 248176949 a prime number?
True
Is 37817261 a prime number?
False
Is 103712615 composite?
True
Is 30758542379 prime?
False
Is 11350793599 a prime number?
True
Is 1174311149 a composite number?
True
Is 3349147051 a composite number?
False
Is 51419569 a prime number?
True
Is 47175749 composite?
False
Is 18706150927 composite?
False
Is 76079122117 a composite number?
False
Is 17972273107 prime?
False
Is 162367385 composite?
True
Is 454602017 a composite number?
True
Is 25338382169 prime?
True
Is 1516666049 a prime number?
True
Is 493151621 composite?
True
Is 1872388657 composite?
True
Is 11496988961 a prime number?
True
Is 5185834589 a composite number?
True
Is 50643843347 a composite number?
False
Is 25519723253 composite?
True
Is 294121859 composite?
False
Is 959822711 prime?
True
Is 25631069 prime?
True
Is 17796899137 a composite number?
True
Is 7590510307 prime?
False
Is 244301219 a composite number?
False
Is 42542213837 a prime number?
True
Is 667854931 composite?
False
Is 20925366277 composite?
True
Is 3129605981 composite?
False
Is 509217193 prime?
True
Is 133166977 composite?
False
Is 95277940297 prime?
False
Is 3595667377 prime?
True
Is 1029391406 a composite number?
True
Is 6327738221 a prime number?
False
Is 2443319323 composite?
True
Is 132788759 prime?
False
Is 437177177 a prime number?
True
Is 35591278323 composite?
True
Is 34806038957 a composite number?
False
Is 26397075365 a prime number?
False
Is 177519592883 a prime number?
True
Is 3098331799 prime?
True
Is 797127967 composite?
False
Is 750307333 composite?
False
Is 14512717031 composite?
True
Is 41472774523 a prime number?
False
Is 155310375027 a prime number?
False
Is 509584973 a composite number?
False
Is 109695365291 a prime number?
True
Is 1639052321 prime?
True
Is 3047424473 a prime number?
False
Is 16834903 a composite number?
False
Is 2917996561 a composite number?
True
Is 195349403 a composite number?
False
Is 1002211123 prime?
False
Is 680482823 prime?
True
Is 73499863 a prime number?
True
Is 101408299483 a prime number?
False
Is 11526532649 prime?
True
Is 1984110379 a prime number?
True
Is 28832391079 composite?
True
Is 18437489962 a prime number?
False
Is 241538399 a prime number?
False
Is 766272865 a prime number?
False
Is 2854392977 a composite number?
False
Is 298980163 a prime number?
True
Is 3650529457 composite?
False
Is 997507571 composite?
False
Is 24129281797 prime?
True
Is 32412179 composite?
True
Is 5491027453 a composite number?
False
Is 13994315563 a composite number?
True
Is 2618175793 a prime number?
False
Is 624551449 composite?
False
Is 8707794317 prime?
False
Is 112792097441 prime?
True
Is 105060913 prime?
True
Is 11777378101 composite?
True
Is 349465608707 composite?
False
Is 2580630809 a prime number?
True
Is 6032978659 a composite number?
True
Is 90668582759 a prime number?
True
Is 2054205671 composite?
True
Is 10974239 prime?
True
Is 249568153 a prime number?
True
Is 263446298 composite?
True
Is 1255651669 a prime number?
True
Is 52085617007 a composite number?
False
Is 2414846197 prime?
True
Is 7696537951 prime?
True
Is 7097653279 composite?
True
Is 4495426421 a prime number?
True
Is 45533085557 a composite number?
False
Is 16498113217 prime?
True
Is 169472921 prime?
False
Is 23341878557 a prime number?
True
Is 7031193809 a prime number?
True
Is 1336005886 prime?
False
Is 761948701 a prime number?
True
Is 4912052701 a composite number?
True
Is 292251053 a composite number?
False
Is 8394113401 a prime number?
False
Is 10350860629 composite?
False
Is 3144329629 prime?
False
Is 19604341777 prime?
False
Is 23021195179 composite?
True
Is 2382986891 prime?
True
Is 711073981 a composite number?
True
Is 23190666571 prime?
True
Is 127163549 a composite number?
True
Is 4605529937 a prime number?
True
Is 37342411 composite?
False
Is 83858434201 prime?
True
Is 6797415437 a prime number?
False
Is 12046293307 prime?
False
Is 10968027857 prime?
True
Is 18443411351 prime?
True
Is 5259666067 composite?
False
Is 419106517 prime?
True
Is 442272661 a prime number?
True
Is 421346441 prime?
True
Is 27571926869 a prime number?
False
Is 28587827713 a composite number?
True
Is 3976720051 a composite number?
False
Is 12486233797 composite?
True
Is 320659109 a prime number?
Tr